e factors of 1465.
5, 293
What are the prime factors of 1047?
3, 349
What are the prime factors of 3623?
3623
What are the prime factors of 11871?
3, 1319
List the prime factors of 13498.
2, 17, 397
What are the prime factors of 1521?
3, 13
List the prime factors of 1713.
3, 571
What are the prime factors of 79920?
2, 3, 5, 37
What are the prime factors of 1395?
3, 5, 31
List the prime factors of 67731.
3, 107, 211
List the prime factors of 12318.
2, 3, 2053
What are the prime factors of 1430?
2, 5, 11, 13
List the prime factors of 7632.
2, 3, 53
What are the prime factors of 2329?
17, 137
What are the prime factors of 1516?
2, 379
List the prime factors of 145554.
2, 3, 17, 1427
What are the prime factors of 52267?
52267
What are the prime factors of 6498?
2, 3, 19
What are the prime factors of 8132?
2, 19, 107
What are the prime factors of 133701?
3, 41, 1087
List the prime factors of 473.
11, 43
List the prime factors of 594.
2, 3, 11
List the prime factors of 84662.
2, 42331
What are the prime factors of 7367?
53, 139
List the prime factors of 109437.
3, 36479
What are the prime factors of 1339?
13, 103
What are the prime factors of 240?
2, 3, 5
List the prime factors of 961.
31
List the prime factors of 1335.
3, 5, 89
What are the prime factors of 2078?
2, 1039
What are the prime factors of 4446?
2, 3, 13, 19
What are the prime factors of 155390?
2, 5, 41, 379
List the prime factors of 549.
3, 61
What are the prime factors of 7718?
2, 17, 227
What are the prime factors of 2002?
2, 7, 11, 13
What are the prime factors of 61596?
2, 3, 29, 59
What are the prime factors of 25002?
2, 3, 463
List the prime factors of 1592.
2, 199
What are the prime factors of 27950?
2, 5, 13, 43
List the prime factors of 29661.
3, 9887
What are the prime factors of 16927?
16927
List the prime factors of 1192.
2, 149
List the prime factors of 1327.
1327
What are the prime factors of 24041?
29, 829
List the prime factors of 101.
101
What are the prime factors of 87152?
2, 13, 419
What are the prime factors of 13877?
13877
What are the prime factors of 21575?
5, 863
What are the prime factors of 9463?
9463
What are the prime factors of 9591?
3, 23, 139
What are the prime factors of 1457?
31, 47
List the prime factors of 3773.
7, 11
List the prime factors of 3042.
2, 3, 13
List the prime factors of 7950.
2, 3, 5, 53
List the prime factors of 5631.
3, 1877
What are the prime factors of 5657?
5657
What are the prime factors of 85934?
2, 42967
What are the prime factors of 1001?
7, 11, 13
List the prime factors of 1451.
1451
List the prime factors of 12137.
53, 229
List the prime factors of 4584.
2, 3, 191
List the prime factors of 12431.
31, 401
What are the prime factors of 484?
2, 11
What are the prime factors of 872?
2, 109
What are the prime factors of 9114?
2, 3, 7, 31
List the prime factors of 1049.
1049
What are the prime factors of 16200?
2, 3, 5
What are the prime factors of 259?
7, 37
List the prime factors of 17949.
3, 31, 193
List the prime factors of 13698.
2, 3, 761
List the prime factors of 91795.
5, 11, 1669
What are the prime factors of 566?
2, 283
What are the prime factors of 1448?
2, 181
What are the prime factors of 1359?
3, 151
List the prime factors of 2414.
2, 17, 71
What are the prime factors of 18441?
3, 683
What are the prime factors of 15658?
2, 7829
List the prime factors of 1411.
17, 83
List the prime factors of 239.
239
What are the prime factors of 1312?
2, 41
List the prime factors of 1316.
2, 7, 47
What are the prime factors of 310?
2, 5, 31
List the prime factors of 349.
349
List the prime factors of 63887.
29, 2203
What are the prime factors of 8987?
11, 19, 43
List the prime factors of 966.
2, 3, 7, 23
What are the prime factors of 26762?
2, 13381
List the prime factors of 11537.
83, 139
What are the prime factors of 323?
17, 19
What are the prime factors of 326?
2, 163
What are the prime factors of 8702?
2, 19, 229
List the prime factors of 29541.
3, 43, 229
What are the prime factors of 1032?
2, 3, 43
List the prime factors of 1072.
2, 67
What are the prime factors of 6919?
11, 17, 37
List the prime factors of 33107.
33107
List the prime factors of 4561.
4561
List the prime factors of 17043.
3, 13, 19, 23
List the prime factors of 358.
2, 179
What are the prime factors of 8459?
11, 769
List the prime factors of 1148.
2, 7, 41
What are the prime factors of 29106?
2, 3, 7, 11
List the prime factors of 505.
5, 101
List the prime factors of 11454.
2, 3, 23, 83
What are the prime factors of 9498?
2, 3, 1583
What are the prime factors of 6671?
7, 953
List the prime factors of 43718.
2, 21859
List the prime factors of 134254.
2, 19, 3533
What are the prime factors of 122?
2, 61
What are the prime factors of 1484?
2, 7, 53
What are the prime factors of 12525?
3, 5, 167
What are the prime factors of 2503?
2503
What are the prime factors of 29717?
29717
List the prime factors of 3318.
2, 3, 7, 79
List the prime factors of 4757.
67, 71
What are the prime factors of 1182?
2, 3, 197
What are the prime factors of 8871?
3, 2957
What are the prime factors of 2986?
2, 1493
What are the prime factors of 2152?
2, 269
What are the prime factors of 32227?
13, 37, 67
List the prime factors of 6043.
6043
What are the prime factors of 4110?
2, 3, 5, 137
List the prime factors of 56529.
3, 11, 571
What are the prime factors of 50977?
19, 2683
List the prime factors of 5721.
3, 1907
What are the prime factors of 5728?
2, 179
What are the prime factors of 8993?
17, 23
List the prime factors of 1816.
2, 227
What are the prime factors of 1110?
2, 3, 5, 37
List the prime factors of 63662.
2, 139, 229
What are the prime factors of 2048?
2
List the prime factors of 1429.
1429
List the prime factors of 462.
2, 3, 7, 11
What are the prime factors of 112984?
2, 29, 487
List the prime factors of 1049.
1049
What are the prime factors of 2544?
2, 3, 53
List the prime factors of 16005.
3, 5, 11, 97
What are the prime factors of 82866?
2, 3, 7, 1973
What are the prime factors of 3348?
2, 3, 31
List the prime factors of 12838.
2, 7, 131
List the prime factors of 829.
829
List the prime factors of 3835.
5, 13, 59
List the prime factors of 45824.
2, 179
What are the prime factors of 110?
2, 5, 11
List the prime factors of 40888.
2, 19, 269
What are the prime factors of 6870?
2, 3, 5, 229
List the prime factors of 522.
2, 3, 29
List the prime factors of 149829.
3, 49943
What are the prime factors of 18148?
2, 13, 349
What are the prime factors of 955?
5, 191
What are the prime factors of 638?
2, 11, 29
What are the prime factors of 318?
2, 3, 53
List the prime factors of 211.
211
What are the prime factors of 5252?
2, 13, 101
What are the prime factors of 312?
2, 3, 13
What are the prime factors of 33729?
3, 11243
What are the prime factors of 9968?
2, 7, 89
List the prime factors of 1265.
5, 11, 23
List the prime factors of 2790.
2, 3, 5, 31
What are the prime factors of 11?
11
List the prime factors of 29623.
11, 2693
List the prime factors of 174142.
2, 87071
List the prime factors of 3565.
5, 23, 31
What are the prime factors of 2219?
7, 317
List the prime factors of 11522.
2, 7, 823
What are the prime factors of 2704?
2, 13
What are the prime factors of 2378?
2, 29, 41
What are the prime factors of 21359?
13, 31, 53
List the prime factors of 660.
2, 3, 5, 11
What are the prime factors of 4194?
2, 3, 233
What are the prime factors of 4785?
3, 5, 11, 29
What are the prime factors of 1434?
2, 3, 239
What are the prime factors of 1580?
2, 5, 79
What are the prime factors of 1003?
17, 59
What are the prime factors of 39243?
3, 103, 127
What are the prime factors of 35537?
35537
List the prime factors of 6821.
19, 359
What are the prime factors of 56553?
3, 7, 2693
What are the prime factors of 883?
883
What are the prime factors of 12155?
5, 11, 13, 17
What are the prime factors of 22901?
22901
List the prime factors of 3472.
2, 7, 31
What are the prime factors of 766?
2, 383
What are the prime factors of 160572?
2, 3, 13381
List the prime factors of 3583.
3583
List the prime factors of 8404.
2, 11, 191
List the prime factors of 1870.
2, 5, 11, 17
What are the prime factors of 1188?
2, 3, 11
What are the prime factors of 14472?
2, 3, 67
What are the prime factors of 